*l**3 + 8*l**2 - 6*l - 3. Let g be b(7). Let u = g + 34. List the prime factors of u.
7, 13
Let o be (5048/14 - 0) + 12/28. Suppose 0 = -z - 151 + o. What are the prime factors of z?
2, 3, 5, 7
Suppose -m - 974 = -5*j, -4*m = -2*j + 25 + 361. Let t = j + 4. What are the prime factors of t?
199
Let z be -3*(-3 - 4308/(-9))*2. Let h be 6 - 102/18 - z/6. Suppose h = 3*c - f - 33, c + 5*f - 159 = 0. List the prime factors of c.
13
Let k(v) be the third derivative of v**4/12 + 18*v**3 - 9*v**2. Let g be k(0). Let o = -27 + g. List the prime factors of o.
3
Suppose 12*b - 25 = 7*b. Suppose -4*m + b*a = -1386, 0 = -4*m + 4*a + 730 + 654. List the prime factors of m.
2, 43
Let t = -1 + 2. Suppose -266*o = -264*o - 30. What are the prime factors of (-3 - 0) + (o - t)?
11
Let g be (-2)/1 + 0/(-3). What are the prime factors of (34 - 54)/(g/74)?
2, 5, 37
Let j(r) = -14*r + 26. Let m be j(2). Let z(s) = -38*s - 4. What are the prime factors of z(m)?
2, 3
Suppose 1602*t = 1590*t + 36612. What are the prime factors of t?
3, 113
Let c be (-2)/(-9) - (9 + 6406/(-9)). Let n = c + -10. What are the prime factors of n?
3, 7, 11
Let r be 2/((-12)/14)*(6 + 3). Let h(l) = -l**2 - 19*l + 36. Let t be h(r). What are the prime factors of (-21)/t + -4 + 337/2?
2, 3, 7
Suppose -8*i + 99711 = -5*i + 12*l, l = -2*i + 66446. List the prime factors of i.
139, 239
Let y(v) = -2*v**2 - 30*v - 13. Let b be y(10). Let d = b + 935. List the prime factors of d.
2, 211
Let z = 6182 + 5129. List the prime factors of z.
11311
Let u be -38 + 7/((-28)/(-8)). Let k = u + 37. List the prime factors of k*2*(-3)/6*-73.
73
Let p = 24 + -19. Let r(l) = -10*l - p*l - 11*l + 22*l + l**2 + 14. List the prime factors of r(6).
2, 13
Let u be (((-307)/(-3))/1)/(19/(-57)). Let l = 453 + u. List the prime factors of l.
2, 73
Let g = 139 - 93. Suppose -139 - 45 = -4*b. Suppose 4*p - b = g. What are the prime factors of p?
23
Let w = -1003 + 546. Let b = 646 + w. List the prime factors of b.
3, 7
Let m = -2550 - -17921. List the prime factors of m.
19, 809
Let p(k) be the first derivative of -7*k**2/2 + 272*k + 220. List the prime factors of p(37).
13
Let p = 4664 - -4411. List the prime factors of p.
3, 5, 11
Let l(b) = 906*b**2 + 11*b + 11. Let m(p) = -905*p**2 - 11*p - 18. Let s(q) = 4*l(q) + 3*m(q). List the prime factors of s(1).
2, 5, 7, 13
List the prime factors of (-11 - ((-14)/(-7) + -14))/(1/27194).
2, 13597
Let h be (6/18*0)/(-1). Suppose h = -c + 4*z + 528, 4*c = c - 5*z + 1669. List the prime factors of c.
2, 137
Suppose 5 = -10*q - 125. Let h(p) = -p**3 - 11*p**2 + 11*p + 24. List the prime factors of h(q).
3, 73
Let t be (4 + -3)*(4 - 3). Let d be 22/44*t*376. Suppose 0 = 4*x - n + 4*n - 356, 2*x + 4*n - d = 0. List the prime factors of x.
2, 43
Suppose -4*k + 9*k + b - 10254 = 0, 3*k = b + 6146. Suppose k = -246*y + 251*y. What are the prime factors of y?
2, 5, 41
List the prime factors of 14*(-137)/2*(-780)/455.
2, 3, 137
Let c = 39437 - 22286. List the prime factors of c.
3, 5717
Suppose 4239737 - 211332 + 545359 = 87*m. What are the prime factors of m?
2, 3, 13, 337
Let b be (-4)/3 + (-1530)/(-135). List the prime factors of -1*b/8 + 784/64.
11
List the prime factors of (-226)/2*(-2)/5*20.
2, 113
What are the prime factors of (-7 - (-8562)/15)*5?
2819
Suppose -15*z = -24*z - z + 5620. Let f = 94 + 64. Suppose p = -3*c + f, -4*p + 2*c = -0*c - z. What are the prime factors of p?
11, 13
Let z(a) = 21*a**2 + 28*a - 478. What are the prime factors of z(-29)?
3, 17, 107
Let b(l) = -3*l + 64. Let h be b(20). Let f(p) = 6*p**2 + 8*p - 12. Let v be f(h). Let c = -60 + v. What are the prime factors of c?
2, 7
Suppose 3*p - 17767 = -4*n - 0*p, -2*n - p + 8883 = 0. What are the prime factors of n?
4441
Let l be (1 - 51)*(-2)/4. Suppose -4*z - l = 3*p, p + 3 - 8 = 2*z. Let n = z - -255. What are the prime factors of n?
251
Let t be ((-40)/32)/(1/(-24)). Suppose 48*k = t*k + 9864. List the prime factors of k.
2, 137
Suppose 0 = 3*c + 3*m + 78, 3*c - 4*m + 49 = -57. Let a be (4*(-9)/c)/(2/130). Suppose 128 = 3*l + 4*g, -2*l + 0*l + g = -a. What are the prime factors of l?
2, 5
Suppose 47*r + 39508 - 121758 = 0. List the prime factors of r.
2, 5, 7
What are the prime factors of (727/5)/(113/8475)?
3, 5, 727
Let s(m) = 7*m**3 + 4*m**2 - 20*m + 16. Let d be (-43 + 44)/((-2)/(-10)). What are the prime factors of s(d)?
3, 11
Let s = 38 - 36. Suppose 0 = -s*g + 13 - 9. List the prime factors of (497/14)/(1/g).
71
Suppose x + 16 + 126 = d, x = -2*d + 284. Suppose 13*r = 350 - d. List the prime factors of r.
2
Suppose -17*v - 10*v + 40837 + 97808 = 0. What are the prime factors of v?
5, 13, 79
Let q(i) = 364*i + 83. Let h be q(6). Suppose 16*g - h = 2005. What are the prime factors of g?
3, 89
Let k = -433 + 438. Suppose 4*v - 6580 = -k*i + 1230, 4*i - v = 6227. What are the prime factors of i?
2, 19, 41
Let s be 6 + -2 + 7/((-21)/(-80688)). Suppose -36*v + s = 14*v. What are the prime factors of v?
2, 269
Let t(m) = m**3 - 14*m**2 + 28*m - 21. Suppose -371*s - 14 = -372*s. What are the prime factors of t(s)?
7, 53
Suppose -4*c - 2*k + 10 = -2*c, c - 1 = k. Suppose 332 = c*t - t. What are the prime factors of t?
2, 83
List the prime factors of 319/2552 - ((-43719)/8 + 1).
2, 683
List the prime factors of -10*(-17)/(-1360) - (-29785)/8.
3, 17, 73
Suppose -5*q = 23*q - 22*q - 239112. What are the prime factors of q?
2, 3, 41
Let m = 3 - -6. Suppose -m*w = 1658 - 4961. Suppose 6*g - 239 = w. What are the prime factors of g?
101
Let n(j) = j**3 + 11*j**2 + 30*j + 41. Let i be n(-8). Let a(y) = y**3 + 11*y**2 + 12*y - 1. List the prime factors of a(i).
3, 37
Let c = 807 + 6106. List the prime factors of c.
31, 223
Let z be (2 + 6 - 3)*-2. Let v = -27 - -22. Let t = v - z. List the prime factors of t.
5
Let j(t) = 2*t + 21. Let z(l) = l**3 + 8*l**2 - 19*l + 2. Let g be z(-10). Let q(w) = -w**2 - 8*w - 6. Let r be q(g). List the prime factors of j(r).
3
Suppose 295*j - 532456 - 399944 = -j. List the prime factors of j.
2, 3, 5, 7
Let v = 42 + 128. List the prime factors of (1*(-5 - -2))/((-2)/v).
3, 5, 17
Let u = 39 + -45. Let i be (-3)/((-4)/(-14) + u/168). List the prime factors of 724/6 - (16/i)/(-2).
2, 3, 5
Suppose 48815 = -3*g + 8*g - z, -39052 = -4*g + 5*z. What are the prime factors of g?
13, 751
Suppose -76*r + 82*r = -48. Let i(a) = 5*a + 32. Let l(z) = -5*z - 31. Let k(h) = 5*i(h) + 6*l(h). What are the prime factors of k(r)?
2, 7
Let n(r) = -4*r - 2. Let j be n(-15). Suppose 53*v + 10 = j*v. Suppose 0 = -v*s - 4*k - k + 180, 4*s - 308 = 3*k. List the prime factors of s.
2, 5
Let c(z) = -249*z + 584. What are the prime factors of c(-20)?
2, 13, 107
Let o = -15969 + 22776. List the prime factors of o.
3, 2269
Let a = 172 - 172. What are the prime factors of 2280/16 + (3 + a)/(-6)?
2, 71
Suppose 220 = -4*w + 2*y, 224 = -4*w + 2*y + y. Let i = w - -125. Let k = 129 - i. List the prime factors of k.
3, 19
Suppose -44*y + 1260 = -32*y. Suppose -y = -4*x + 635. What are the prime factors of x?
5, 37
Let o = -30746 + 48778. List the prime factors of o.
2, 7, 23
Let z(m) = -m**3 + 19*m**2 + 6*m - 9. Let i be z(9). Suppose -2*v = 3*v + i. Let l = v + 298. What are the prime factors of l?
127
What are the prime factors of ((-27984)/(-60) + 34)/(3/20)?
2, 3, 139
Suppose -4*i + i - 2*l - 4235 = 0, 4*i = l - 5654. Let r = 2766 + i. List the prime factors of r.
3, 11, 41
Suppose -138*y = -137*y - 4810. What are the prime factors of y?
2, 5, 13, 37
Let p = -1742 - -869. Let m = 1412 + p. List the prime factors of m.
7, 11
Suppose -567 = -76*c + 85*c. What are the prime factors of (-368)/(-3)*(c/2)/(-21)?
2, 23
Suppose s - 10 = -3*m, 5*s - 31 = -4*m + 41. Suppose -3*n = -n - 4*a + 30, -3*a - s = 4*n. Let c(k) = -k**3 - 3*k**2 + 9*k - 4. List the prime factors of c(n).
3, 43
Suppose -5*c = 5*w - 40510, -2*w - 885*c + 16198 = -886*c. List the prime factors of w.
2, 3, 5
Let r(b) = 7*b**2 - b. Let s be r(1). Suppose 10 = 3*z + 2*z, 0 = -4*v + z + s. List the prime factors of v - (6/(-5))/(8/20).
5
Let o = 8977 - 3105. List the prime factors of o.
2, 367
Suppose -3*a - 8 = -14. Let y(t) = -16*t - 33. Let q(z) = 33*z + 65. Let x(n) = a*q(n) + 5*y(n). List the prime factors of x(-6).
7
Suppose 4*p = -28, 0 = -59*b +